0*l - 1359917 = 21*l - 14*l. Is l a composite number?
True
Let l = 52 + -78. Let w = 237 + l. Is w a composite number?
False
Suppose -144051 - 247409 = -20*q. Let h = q - 6480. Is h a prime number?
True
Suppose 5*b - 45 + 5 = 0. Let l(x) = -x**3 + 7*x**2 + 6*x + 17. Let f be l(b). Let o(q) = 237*q**2 + 2*q - 2. Is o(f) composite?
True
Suppose -16 = -10*m - 86. Let o(i) = i**2 + 11*i + 23. Let l be o(m). Is 235/((1 - l)/6) a prime number?
False
Suppose 149*x - 8482659 = 6274450. Is x a prime number?
True
Let f(i) = -70*i**2 + 3*i - 27. Let z be f(15). Let h = 9343 + z. Let w = -2400 - h. Is w a prime number?
True
Suppose 2*g + 4 = -k + 2*k, 0 = 4*k + 4*g - 28. Let x(n) = 45*n**3 + n**2 + 14*n + 11. Is x(k) a prime number?
True
Let l(p) = 1694*p**3 - 2*p**2 - p + 2. Let q be 36/126 - (-10)/14. Is l(q) a prime number?
True
Let j be ((-237)/(-12))/(9/684). Suppose 9*c - j = 1622. Suppose -i - 3*o = -c, 0 = -3*i - o - 3*o + 1041. Is i composite?
False
Let b = -198 + 195. Is (-9115)/30*2*b a composite number?
False
Suppose -4*z = -3*z - 715. Suppose 0 = 4*j - d + 1433, -d + z = 12*j - 14*j. Let f = j + 738. Is f composite?
False
Let u be ((-14)/(-21))/(-2 + 958740/479367). Suppose 0 = -11*d + 18*d - u. Is d composite?
True
Let b(w) = -53*w**2 - 18*w + 19. Let y(v) = -v**2 + 2*v - 2. Let o(i) = -b(i) - 8*y(i). Let m = -8 + 6. Is o(m) composite?
True
Let p(g) = -g**3 + 107*g**2 + 104*g - 291. Is p(92) a prime number?
True
Is -1 + 577810 + (126/(-30) - 11/(-55)) a composite number?
True
Let h(c) = -2*c - 8. Let s be h(-6). Suppose -15 = 3*k, s*j - 9*j + 2*k = -18245. Is j prime?
False
Let f(k) = -22*k + 1. Let g be f(-1). Suppose -6*b = -g + 77. Is (-8912)/24*b/6 a prime number?
True
Let b(f) = -52*f - 7. Let w be b(-2). Suppose -39 = -4*n - 2695. Let i = w - n. Is i a prime number?
True
Suppose -5*r + r - 458 = 2*k, -3*k - 660 = -3*r. Let t = 330 + k. Suppose -n = -424 + t. Is n a prime number?
True
Suppose -19*t = -469073 - 225396. Is t prime?
True
Let r = -80 + 74. Let d(u) = 103*u**2 - 13*u - 3. Let s be d(r). Suppose 5*k = s - 28. Is k a composite number?
False
Let q(z) = 1098*z + 43 + 309*z + 6. Is q(6) a composite number?
True
Let n(v) = 976*v - 7. Let l be n(-8). Let f = l + 13024. Is f composite?
False
Suppose 219*a = 221*a - 64. Suppose -a*h = -25*h - 8155. Is h a prime number?
False
Let s(y) = -y**3 + 14*y**2 - 11*y - 28. Let q be s(13). Let g be (2 - (1 - 4/q))*-2. Is 35550/170 - g/17 composite?
True
Let u be 1 - 1 - (-4 - -4). Let r(x) = 91*x + 365 - 94*x + 218. Is r(u) composite?
True
Let r(n) = 53*n. Let m be r(1). Let z = -2 - m. Is (-1)/5 + (-34936)/z prime?
False
Suppose -12337*i + 12345*i = 4592648. Is i prime?
True
Is ((-33)/(-6) - 6)/((-19)/2213994) a composite number?
True
Suppose -42*m - 5*m + 19*m = -466172. Is m prime?
True
Let s(k) = -66193*k - 11723. Is s(-10) prime?
False
Is 26 + -1 + 7759120/40 composite?
False
Let n(m) = 3*m**2 + m + 6. Let w(z) = -4*z + 2. Let y be w(-1). Let s be n(y). Is (-6)/5*-9 + 24/s a prime number?
True
Let p(b) = 3*b**2 + 36*b - 35. Let n be p(-13). Suppose -f + 19917 = -2*j, -79646 = -n*f + 8*j - 11*j. Is f a prime number?
True
Suppose -5*i + 10615 = 3*x + x, 0 = -5*i - x + 10630. Let r = i - -1199. Let u = r - 1809. Is u composite?
True
Suppose 3*m + o = 92016 + 46772, 0 = -2*m - 3*o + 92537. Is m composite?
False
Suppose 0 = 14*l - 28 - 154. Let q(c) = -c**3 + 16*c**2 + 42*c - 22. Is q(l) a composite number?
False
Let q be (-1353)/82*(-1300)/(-6). Let b = 8718 - q. Is b composite?
True
Let x be (12/(3/((-9)/6)))/(-2). Let n be -10*(5145/6)/(-7). Suppose -v - 2*k = -n, -x*k - 4912 = -4*v + k. Is v prime?
False
Let h be 24/15*(-1 + 1 - 5). Let q be (-2 - h) + 4/1. Suppose 5409 = 13*s - q*s. Is s composite?
True
Suppose -500405 - 36665 = -3*y + 5849. Is y prime?
False
Is (416978 - 30) + 4/(-8) + (-2)/4 prime?
True
Let q be (-3)/(-2)*(-168)/(-9). Suppose -5*f - 3 = -q. Suppose -f*l + 4522 - 77 = 0. Is l a prime number?
False
Is 54792075/(-650)*(-14)/3 a composite number?
True
Let c be ((-910)/(-39))/((-2)/(-147)). Suppose 3*o - 5 = -5*g, 0 = 2*g + 5*o + 20 - 3. Suppose -g*b + 1001 = -c. Is b prime?
False
Let x(m) = -m**2 - 8*m - 4. Suppose 4*i = -o - 15, 5 - 1 = -2*o + 5*i. Let l be x(o). Suppose 7*r + l*r - 7010 = 0. Is r prime?
True
Suppose 3*c + l = -4 + 12, l + 4 = 0. Suppose 3*x + 49 = c*h - 29, 5*x = 4*h - 130. Is (-13)/x + 5994/4 prime?
True
Suppose 5*c = -2*b + 30631, c + 10*b - 6135 = 14*b. Suppose -3*d + d + 4068 = -5*v, -5*v + c = 3*d. Is d a composite number?
False
Suppose 3*a - 159397 = -5*z, -5*z + 2*a + 31895 = -4*z. Is z prime?
True
Let p(o) = o**3 + o**2 - 8*o - 5. Let g be p(6). Let w be (398/(-5))/(11/110). Let d = g - w. Is d a composite number?
True
Let b be (3 - 4/4) + 0/1. Suppose 3*m = -b*m + 85. Is ((-422)/(-5))/(m/5 - 3) composite?
False
Let b(n) = 6*n + n**3 + 17 - 7*n**2 + 6*n**2 - 5*n + 19*n + 42. Is b(14) prime?
True
Suppose -44*y = 24*y - 1273028. Is y prime?
False
Is ((-5336)/(-552))/(-58*(-9861)/285966 + -2) prime?
False
Suppose -15 = 4*m + 37. Let k(i) = -i**3 - 12*i**2 + 12*i - 9. Let z be k(m). Suppose z*w + 653 = 3*t, 156 = -2*t + 5*w + 603. Is t a prime number?
True
Let w(t) = 13*t**2 + 2*t + 17. Let b = 139 + -149. Is w(b) prime?
True
Suppose 5*d + 34006 = 4*p - 15012, -3*d = -6. Suppose -12598 = -15*m + p. Is m prime?
True
Is 12 + 5/20*23044 composite?
True
Let f(g) = -15*g**3 + 2*g + 3. Let h be f(-1). Let q(z) = 16*z**2 + z - 1. Let y be q(1). Is (y/h)/(2/1262) a composite number?
False
Suppose -u = 3*l + 140245, -66887 = -4*l + 3*u - 253876. Let y = -31119 - l. Is y composite?
False
Let m(k) = k**3 - 13*k**2 - 14*k + 3. Let p be m(14). Let b(x) = -7*x + 13*x**2 - 8*x**2 + 20*x**2 + 11 - x**3 + p*x. Is b(23) a composite number?
False
Let n = 22193 + -11740. Suppose 5*v = -5*s - 52250, 0*s = -s - 4*v - n. Let h = -7382 - s. Is h composite?
False
Suppose 0 = 3*y + 3*j - 13 - 56, -j - 13 = -y. Suppose -10*d + 8*d + y = 0. Is (-346)/1*(-5)/(d - 4) a prime number?
False
Suppose 4*j + 4*d = 60, 4*j - 6*d - 60 = -d. Suppose -j*l + 5*p = -18*l + 18046, -4*p + 12034 = 2*l. Is l a composite number?
False
Let w = 906 + -504. Suppose -4*p - w = -k - 7*p, -5*k + 2074 = -p. Let v = k + -200. Is v a composite number?
True
Let y be (-12)/9*(-32010)/(-20). Let n = 3251 + y. Is n a prime number?
True
Let c = -114 + 119. Suppose 0 = -c*l + 16442 + 13173. Is l a composite number?
False
Let l = -372281 + 567820. Is l a prime number?
True
Is -66 - -462106 - 1/(-1) composite?
False
Let q be (-1 - 2 - 692)/(-1 - 0). Suppose -5*o + 18490 - q = 0. Is o a prime number?
True
Let j = 3311 + -1966. Suppose -18*t + j = -2021. Is t a prime number?
False
Let f = 712205 - 471972. Is f prime?
False
Let r(a) = 6*a + 38. Let j be r(-6). Suppose 2*k = 4, j*x - 3519 - 7211 = -2*k. Is x composite?
True
Suppose 0 = 3*k - 4*j + 133, 2*j = -3*k + 3*j - 148. Let o = k - -48. Let z(m) = -306*m + 5. Is z(o) a composite number?
True
Let c be 2/(-4) - 10/(-4). Let m be (-8)/28*-1 - 94525/(-133). Suppose -c*i + 5*i = m. Is i a composite number?
True
Let v(m) = m**3 + 3*m**2 + 2*m + 3. Let w be v(-2). Suppose t = -3*n + 448 - 140, -w*t + 5*n = -882. Suppose -2*h + t - 9 = 0. Is h composite?
True
Let v = -1687 - -2671. Let t = -1895 - -3266. Suppose -3*u = -v - t. Is u prime?
False
Let j = 526 + -515. Let x(q) = 38*q**2 + 21*q + 14. Is x(j) a prime number?
False
Let w(y) be the third derivative of -y**5/30 - 7*y**4/24 + y**3 - 25*y**2. Let x be w(-4). Suppose 3 = -x*u - 3, 5*a + u = 1592. Is a prime?
False
Let g = 108 - 76. Suppose -9*b + g + 4 = 0. Is ((-6)/(-4) + (-6778)/b)/(-1) a composite number?
False
Suppose 0 = -11*j + 1644336 + 3747484 + 1772821. Is j prime?
True
Let i(j) = 5*j**2 - 20*j + 5 - 4 - 4*j**2 + 33*j. Let m be -29 - (4/(-2) + 4). Is i(m) a prime number?
False
Let l(j) = 11*j**3 + j**2 + 2*j + 32467. Is l(0) composite?
False
Let n(i) = 371*i**2 - 28*i - 45. Let f(y) = 124*y**2 - 10*y - 15. Let o(z) = -11*f(z) + 4*n(z). Is o(7) prime?
True
Suppose -11531*k = -11548*k + 1891301. Is k a prime number?
True
Suppose -5*t - 2166 = 1654. Let r be (-2)/(-12)*(-77820)/(-3 + -7). Let g = r + t. Is g composite?
True
Let t = -27 - -40. Let f = t - 6. Suppose 676 = f*n - 3*n. Is n prime?
False
Is -